when 40099987 is divided by 54?
19
What is the remainder when 11750930 is divided by 245?
240
What is the remainder when 102673 is divided by 1165?
153
Calculate the remainder when 145456 is divided by 3022.
400
What is the remainder when 1013619220 is divided by 21?
19
Calculate the remainder when 408713 is divided by 571.
448
Calculate the remainder when 6992243 is divided by 22776.
11
What is the remainder when 29049 is divided by 6170?
4369
What is the remainder when 19395452 is divided by 58420?
12
What is the remainder when 7046376 is divided by 72642?
102
What is the remainder when 1031567 is divided by 25158?
89
What is the remainder when 285907 is divided by 142794?
319
What is the remainder when 116135106 is divided by 14?
10
What is the remainder when 179008233 is divided by 19?
18
Calculate the remainder when 151567 is divided by 1184.
15
Calculate the remainder when 267967 is divided by 6866.
193
Calculate the remainder when 1216121 is divided by 1936.
313
Calculate the remainder when 79742 is divided by 79565.
177
Calculate the remainder when 7843804 is divided by 194.
190
Calculate the remainder when 200394 is divided by 3512.
210
What is the remainder when 263308 is divided by 5039?
1280
What is the remainder when 9408041 is divided by 157?
130
What is the remainder when 328184 is divided by 163693?
798
What is the remainder when 108854 is divided by 35128?
3470
Calculate the remainder when 40453989 is divided by 1878.
1869
What is the remainder when 104902 is divided by 34270?
2092
What is the remainder when 4660920 is divided by 31924?
16
Calculate the remainder when 2541336 is divided by 173.
139
Calculate the remainder when 3605583 is divided by 4879.
2
Calculate the remainder when 12438949 is divided by 178.
131
What is the remainder when 36234 is divided by 8673?
1542
What is the remainder when 627543 is divided by 3586?
3579
What is the remainder when 242892 is divided by 48576?
12
What is the remainder when 187863 is divided by 424?
31
What is the remainder when 4740490 is divided by 63206?
40
Calculate the remainder when 1375959 is divided by 47.
34
Calculate the remainder when 9239372 is divided by 5811.
5693
Calculate the remainder when 349833 is divided by 349332.
501
Calculate the remainder when 28907 is divided by 6873.
1415
What is the remainder when 41666181 is divided by 310?
11
What is the remainder when 13139223 is divided by 55?
53
Calculate the remainder when 604167886 is divided by 516.
514
What is the remainder when 13779402 is divided by 502?
4
Calculate the remainder when 101480 is divided by 9993.
1550
Calculate the remainder when 52131882 is divided by 16.
10
Calculate the remainder when 60066 is divided by 4509.
1449
What is the remainder when 523964 is divided by 74722?
910
Calculate the remainder when 2340833 is divided by 585165.
173
Calculate the remainder when 2172555 is divided by 135784.
11
Calculate the remainder when 2294294 is divided by 2334.
2306
Calculate the remainder when 276045 is divided by 2793.
2331
Calculate the remainder when 57596 is divided by 19152.
140
Calculate the remainder when 548665 is divided by 2873.
2795
Calculate the remainder when 5074974 is divided by 3143.
2172
What is the remainder when 9235874 is divided by 188?
186
What is the remainder when 399632 is divided by 255?
47
Calculate the remainder when 64742 is divided by 4504.
1686
What is the remainder when 6284457 is divided by 1468?
1417
Calculate the remainder when 149875 is divided by 1995.
250
Calculate the remainder when 115503 is divided by 1214.
173
What is the remainder when 29505847 is divided by 97?
96
What is the remainder when 2175877 is divided by 266?
263
What is the remainder when 744082 is divided by 49602?
52
Calculate the remainder when 385452 is divided by 128440.
132
What is the remainder when 1136864 is divided by 1119?
1079
What is the remainder when 6688347 is divided by 16?
11
What is the remainder when 3664799 is divided by 96?
95
Calculate the remainder when 108586735 is divided by 1211.
1209
What is the remainder when 10658835 is divided by 2664705?
15
Calculate the remainder when 754157 is divided by 188526.
53
What is the remainder when 1176344 is divided by 2807?
211
What is the remainder when 14430458 is divided by 178?
176
What is the remainder when 276073 is divided by 643?
226
What is the remainder when 12421 is divided by 11315?
1106
Calculate the remainder when 84560 is divided by 20272.
3472
Calculate the remainder when 64372 is divided by 3441.
2434
Calculate the remainder when 1218027 is divided by 294.
279
Calculate the remainder when 61322 is divided by 851.
50
Calculate the remainder when 21193 is divided by 1770.
1723
Calculate the remainder when 1169358 is divided by 73073.
190
What is the remainder when 3533962 is divided by 135916?
146
What is the remainder when 179380341 is divided by 1616039?
12
What is the remainder when 13597374 is divided by 3399202?
566
What is the remainder when 5255795 is divided by 36?
11
Calculate the remainder when 2109512 is divided by 46.
44
What is the remainder when 994378 is divided by 55079?
2956
What is the remainder when 19216881 is divided by 6405626?
3
Calculate the remainder when 50979644 is divided by 487.
484
Calculate the remainder when 7003035 is divided by 955.
20
Calculate the remainder when 409355826 is divided by 2045.
2041
What is the remainder when 11065627 is divided by 1557?
28
Calculate the remainder when 63239 is divided by 1680.
1079
What is the remainder when 8416082 is divided by 841598?
102
Calculate the remainder when 4314197 is divided by 35.
27
Calculate the remainder when 2050097 is divided by 2763.
2714
What is the remainder when 73694446 is divided by 404?
402
Calculate the remainder when 22640 is divided by 11221.
198
Calculate the remainder when 1130809 is divided by 49165.
14
Calculate the remainder when 359026 is divided by 21105.
241
Calculate the remainder when 244522 is divided by 62.
56
Calculate the remainder when 14859728 is divided by 426.
422
Calculate the remainder when 132745520 is divided by 792.
776
What is the remainder when 184843 is divided by 65?
48
What is the remainder when 4832 is divided by 2228?
376
What is the remainder when 3338538 is divided by 115122?
0
Calculate the remainder when 350446 is divided by 8761.
6
Calculate the remainder when 49994 is divided by 2498.
34
Calculate the remainder when 41521168 is divided by 445.
443
Calculate the remainder when 2895304 is divided by 19.
8
What is the remainder when 8192411 is divided by 87153?
29
What is the remainder when 2300351 is divided by 3358?
121
What is the remainder when 116383903 is divided by 79?
76
Calculate the remainder when 136278 is divided by 66393.
3492
What is the remainder when 33107502 is divided by 412?
6
Calculate the remainder when 12259745 is divided by 229.
1
What is the remainder when 8364078 is divided by 398289?
9
Calculate the remainder when 16731758 is divided by 14.
8
Calculate the remainder when 1611255 is divided by 230175.
30
What is the remainder when 18553269 is divided by 2318?
2315
What is the remainder when 12238727 is divided by 437097?
11
What is the remainder when 611069 is divided by 13579?
14
Calculate the remainder when 25142098 is divided by 860.
858
What is the remainder when 3243872 is divided by 37?
8
What is the remainder when 648935 is divided by 28214?
13
What is the remainder when 96913 is divided by 6443?
268
Calculate the remainder when 1003705411 is divided by 17.
13
Calculate the remainder when 4043717 is divided by 96.
5
What is the remainder when 1211981 is divided by 6249?
5924
What is the remainder when 755079 is divided by 83848?
447
Calculate the remainder when 18223559 is divided by 1196.
107
What is the remainder when 4579576 is divided by 15846?
82
What is the remainder when 15800308 is divided by 922?
916
What is the remainder when 21797671 is divided by 1580?
1571
Calculate the remainder when 1054473 is divided by 740.
713
What is the remainder when 125400 is divided by 123315?
2085
Calculate the remainder when 7469094 is divided by 1932.
1914
What is the remainder when 15177359 is divided by 11?
10
Calculate the remainder when 851798 is divided by 851704.
94